Let r be g(o). Let s(u) = -u**3 - 18*u**2 - 21*u - 7. What is the units digit of s(r)?
1
Let s = 3 + 1. Suppose 0 = -5*t - 4*z - 193, s*t + 0*z + 3*z = -154. Let r = 58 + t. What is the tens digit of r?
2
Let k = 19 - 19. Suppose 465 = 5*o - k*o. What is the tens digit of o?
9
Let d = 76 - 124. Let r = d + 149. What is the tens digit of r?
0
Let c(x) = 29*x**3 + x - 1. Let p be c(1). Suppose -3*k - 3*o + 165 = 0, 291 = 5*k - 4*o - p. Suppose 5*i + k = 9*i. What is the tens digit of i?
1
Suppose -299 = -3*o + y, 0 = -16*y + 13*y + 3. What is the units digit of o?
0
Suppose -3*x + 0*a + a - 98 = 0, -4*x - 116 = -5*a. Let h = 50 + x. What is the tens digit of h?
1
Let o be 1/(5/(-4) + 1). Suppose 33 = 182*m - 179*m. What is the units digit of -3 + m + o - -4?
8
Let z = 1887 + -718. What is the thousands digit of z?
1
Let w(p) = 7*p**2 - p + 1. Let l(b) = -b. Let q be -1*(-3 + 2) - 0. Let f(u) = q*w(u) - 4*l(u). What is the tens digit of f(-2)?
2
Suppose 22856 = 28*a + 4040. What is the tens digit of a?
7
Let s be (-952)/6 - (-24)/36. Let i = -58 - s. What is the tens digit of i?
0
Let g = -385 + 165. Let y be (-1140)/g - 2/11. Suppose 0 = -2*d - 3*i - 5, 6 - 31 = y*i. What is the units digit of d?
5
Suppose -5*h + 35 = -5*r, r - 8*h + 9*h = -13. What is the tens digit of 1184/10 + r/25?
1
Let d(v) = -v**3 - 2*v**2 - v - 1. Let i be d(-2). Let q = i - -4. Suppose -q*g + 2*m + 117 = -0*m, 73 = 3*g - 4*m. What is the tens digit of g?
2
Let h(a) = -a**3 + 23*a**2 + 54*a - 34. What is the units digit of h(25)?
6
Suppose 4*x + 12696 = 3*j, 3*j + 2*j - 21143 = x. What is the thousands digit of j?
4
Suppose 0 = -u + 6*g - 5*g + 49, 0 = -2*u - g + 86. Let t(y) = -y**2 + 8*y - 6. Let r be t(5). What is the units digit of ((-8)/(-10))/(r/u)?
4
Suppose 5*m + 2399 = 4*q - q, 0 = 3*q + m - 2393. What is the units digit of q?
8
Let r be (-9 - -8)/(1/(-5)). Suppose -25 = -r*t, -2*c - 5*t = -20 - 15. Suppose -2*x = -x - c*j, -2*x = 3*j - 26. What is the tens digit of x?
1
What is the tens digit of -1 - -1092 - 25/((-90)/(-18))?
8
Let c = -7 + 3. What is the tens digit of (-9)/(-3) + c - -25?
2
Let d(b) = 5*b**2 - 5*b + 8. Let l be d(2). Let j(h) = 10*h - 20. What is the units digit of j(l)?
0
Suppose -5 = -5*k + t + 33, -2*t = -k + 13. Let o = k - 3. What is the tens digit of 58/o - 6/(-4)?
1
Suppose -41166 = 38*a - 56*a. What is the thousands digit of a?
2
Let n be (2 - -2) + -5 + 5. Suppose 4*y + 5*t + n = y, -2*y - 4 = 2*t. What is the units digit of -2 - -6 - 4 - y?
3
Let c(o) = -12*o**2 + o - 1. Let u be c(1). Let f be (6 + u)*1/(-3). Suppose -104 = -6*z + f*z. What is the tens digit of z?
2
Suppose -12*x = -7*x - 165. Suppose -w + 3*z - 9 = -x, 5*w = -3*z + 84. What is the tens digit of w?
1
Let z(h) = h + 16. Let o be z(-18). Let l be ((-11)/22)/(o/(-12)). What is the units digit of 15 - (-3 + 6 + l)?
5
Let y be 0/(-2 - (1 + -1)). Suppose -2*v + w + 21 = 0, y*v + v + w - 15 = 0. Suppose 3*l = 42 + v. What is the units digit of l?
8
Let s(x) = 18*x**2 + 8*x - 55. What is the units digit of s(-7)?
1
Let w(y) = 32*y - 19. What is the tens digit of w(18)?
5
Let v be -4 - (64/4)/4. Let b be v/(-14) - 96/(-28). Suppose 0 = 2*t - b*l - 38, 2*t - l = -3*l + 62. What is the tens digit of t?
2
Let c(y) = 3*y**2 - 13*y - 7. Let j be c(7). What is the tens digit of ((-2)/(-6) - (-8)/12) + j?
5
Let c = 1267 - 653. What is the hundreds digit of c?
6
Let x(g) = 12*g**2 - 10*g - 39. What is the tens digit of x(-4)?
9
Let q(s) = 6*s**2 + 3. Suppose 5*m + 21 = -2*n, 0 = n + 2*n + 9. What is the units digit of q(m)?
7
Let q = -5 + 4. Let o be ((-6)/15)/(q/5). Suppose y = -2*a - o*y + 4, 28 = 4*a + y. What is the units digit of a?
8
Let c = -1782 - -3586. What is the units digit of c?
4
Let l = 1 - -4. Suppose 4*f + 2*j - 279 + 1 = 0, j = -l*f + 346. What is the tens digit of f?
6
Let l(g) = -g**3 + 8*g + 1. Let h be l(-3). Suppose h*q + 150 - 570 = 0. What is the units digit of q?
5
Suppose y + 2*w = 411, 2*y - 2*w = -0*w + 804. What is the units digit of y?
5
Let n be ((-33)/55)/(2/10)*1. What is the tens digit of ((-135)/(-12))/(n/(-16))?
6
What is the tens digit of 24908/91 + (-32)/(-14) + -2?
7
Let v = -277 + 1686. What is the tens digit of v?
0
Let r be 2/(-2) + (2 - 0). Let c be (-95)/20 + r/(-4). What is the tens digit of (c - -11)/((-3)/(-24))?
4
Suppose 2308 = o + 2*j, 0 = 37*j - 36*j. What is the tens digit of o?
0
Let u be ((-114)/(-20))/((-60)/(-50))*76. Let g = u + -134. What is the tens digit of g?
2
Let c be 7/(-28) + (25/4 - 2). Suppose 3*h - 390 = 3*y, 5*h - 2*h + c*y = 418. What is the units digit of h?
4
What is the thousands digit of (-5 - 112523/(-51))/((-4)/(-6))?
3
Let k = -3 + 1. Let l(s) = 29*s + 3. Let r(m) = 2*m. Let v(c) = -l(c) + 5*r(c). What is the tens digit of v(k)?
3
What is the tens digit of 63191/87 + 2/3?
2
Suppose 0 = 3*d - 3, -5*y + 0*y = 3*d + 62. Let k = -2 - y. Let f = k + -10. What is the units digit of f?
1
Let r(u) = u**3 + 8*u**2 + 6*u - 5. Suppose -2*z + 2*o - 20 - 4 = 0, 4*z = -5*o - 3. Let p be r(z). What is the units digit of p*(15/2 - -2)?
9
Suppose -2*v = -6 - 4, -3*v - 85 = 5*x. Let h = 24 + x. What is the units digit of h?
4
What is the hundreds digit of -9 + 3 - ((-8 - -1) + -1213)?
2
Suppose 13*a = -3*y + 10*a + 255, -4*y + 340 = 5*a. What is the tens digit of y?
8
Let s(n) be the first derivative of 3*n**4/4 - 13*n**3/3 + 3*n**2/2 + n - 17. What is the units digit of s(5)?
6
Suppose -4*r - 115 = l, 134 = -5*r + 5*l - 3*l. Let c = -21 - r. Let h(u) = -u**3 + 9*u**2 - 7*u - 8. What is the tens digit of h(c)?
4
Suppose 3*a + 3*n - 612 = -0*n, 2*a - 4*n - 384 = 0. What is the hundreds digit of a?
2
Suppose -5*a = 5*z - 60, 2*a = -3*a + 5*z + 10. Let q(v) = -38*v - 22. Let n be q(a). What is the units digit of 0 - 0 - n/9?
2
Let o(g) = -5*g - 38*g**2 - 10 + 31*g**2 + 2*g**3 - 8. What is the tens digit of o(6)?
3
Let q(b) = -b + 30. Let j be q(28). Suppose -2*t + 6*t = 480. What is the units digit of ((-5)/(-10))/(j/t)?
0
Suppose -14 - 175 = -7*g. Suppose -4*j - g = -2*b + j, 2*j = 5*b - 99. What is the units digit of ((-144)/b)/(-2)*14?
8
What is the units digit of ((-93)/4)/(3/(-216)*2)?
7
Let a be (-3)/(-2)*(-2 - 0). Let o be ((21/6)/7)/(3/18). What is the units digit of (-39 - a)/(o - 5)?
8
What is the units digit of ((-2)/(-5))/((-31)/(-227695))?
8
Suppose 0 = 3*c + 1 + 2. What is the hundreds digit of (c - 2972/(-11)) + (-6)/33?
2
Let u = 51 - 27. Suppose -u - 16 = -5*s. Let v = 34 - s. What is the units digit of v?
6
Suppose 0 = 2*v + 217 - 729. Suppose -4*o + v = -0*o. What is the tens digit of o?
6
Suppose 2*m + 752 = 2*s, 5*s - 872 = 2*m - 111. Let f = -222 - m. What is the units digit of f?
1
Suppose 2*s - 2*k = -0*s + 690, 3*s + k = 1047. What is the hundreds digit of s?
3
Let k(b) be the first derivative of -b**5/120 + 7*b**4/6 - b**3 - 12. Let s(m) be the third derivative of k(m). What is the tens digit of s(-9)?
3
Suppose -3*k + 7 = 1. Suppose -2*u + k*v = -0 - 18, -3*v = 5*u - 61. Let m = u - -4. What is the units digit of m?
5
Let a(f) = -f**3 - 4*f**2 + 10*f + 8. Let y be a(-6). Suppose 0 = c + y - 66. What is the tens digit of c?
4
Suppose 4*u = u + 1608. What is the hundreds digit of u?
5
Let m = 57 - 57. Suppose 10*d - 5*d - 1025 = m. What is the units digit of d?
5
Let l(m) = -2*m**3 + 4*m**2 + 2*m - 4. Suppose -w + 2*w = -5, -10 = 5*j + 5*w. Let k be l(j). What is the units digit of 2/(-8) - 68/k?
4
Let n(d) = -d**3 + 10*d**2 + d - 4. Let x be n(10). Let k be (-6)/x*(1 - 6). Suppose k*i + w - 132 = 0, i - 5*w = 21 + 21. What is the tens digit of i?
2
Suppose 7*r - 89 = 44. What is the tens digit of r?
1
Let b = -21 - -17. What is the hundreds digit of (-103)/(-4)*b/(-1)?
1
Let g be (1/(-2))/((-1)/8). Suppose 0 = -5*v - 5*s + 755, -3*v + 756 = g*s + 308. What is the hundreds digit of v?
1
Suppose -5*q + 2891 = -0*q - 2*z, -3*q + 1740 = -3*z. Let b = q - 355. What is the units digit of b?
2
Suppose 6*m - 1328 = 2*m. What is the tens digit of (-3)/(-1) + -22 + m?
1
Let w = 252 + 909. What is the hundreds digit of w?
1
Let s be ((-44)/(-55))/((-4)/10). Let z be -1*((-3)/(-3) - 13). What is the units digit of 1 - ((-4)/s - z)?
1
Let h be (-1 - 9/(-1)) + -14 + 15. Suppose 29 - h = 4*d. What is the units 